k(g) = -2*a(g) + c(g). Calculate k(-4).
5
Let v(g) = -2*g**3 - 6*g**2 + 4*g - 5. Let u be 7 + (15/20 - 102/8). Determine v(u).
75
Let c(u) = -u - 4. Let h be (-11)/(-4) - (-18)/72. Let q(g) = -2*g - 8. Let r(p) = h*q(p) - 5*c(p). Give r(3).
-7
Let c(o) = 7*o**2 - 9. Let p(g) = -9*g**2 - 2*g + 9. Let z(w) = -5*c(w) - 4*p(w). What is z(-7)?
2
Let a(d) = 5*d + 2. Let o(g) = 4*g**2 + 7*g - 1. Let f(j) = -j**2 - j + 1. Let p(k) = 3*f(k) + o(k). Let w be p(0). Suppose 0 = -w*l - 29 + 25. What is a(l)?
-8
Let z(f) = -f**2 - 3*f + 12. Let c be z(-6). Let t(q) = -4*q**3 + q**2 - 3*q + 7. Let n(j) = j**3 + j**2 + j. Let v(a) = -5*n(a) - t(a). What is v(c)?
5
Let h(x) = x**2 - 3*x - 108. Let k = 10272 - 10272. What is h(k)?
-108
Let q = 117 + -118. Let j be (1 - (1 + -2)) + 6. Let c(k) = -j*k**2 + 13 - 2*k + k**2 - 14. Give c(q).
-6
Let c = -238 + 246. Suppose -168 + 136 = -c*g. Let t(u) = 3*u - 6. Give t(g).
6
Let d = -6 - -10. Let j(v) = -66*v - 2*v**2 + 91*v - 23*v. What is j(d)?
-24
Let q(t) = -14*t**2 - 32*t + 26. Let u(g) = 3*g**2 + 8*g - 7. Let m(y) = -2*q(y) - 9*u(y). Give m(3).
-4
Let a(z) be the third derivative of -z**5/60 - 3*z**4/8 + 7*z**3/6 + 5*z**2 - 2. Let h = 214 - 222. Give a(h).
15
Suppose -3*u - 434 = 3*x + u, x = u - 154. Let s = x + 150. Let t(l) = -l**3 - l**2 - 175*l - 8 + 175*l. Give t(s).
-8
Let s = 5 - -3. Let b(z) = z**2 + 16*z - 91. Let m be b(-21). Let v = s - m. Let f(k) = -k**2 - 3*k + 7. Calculate f(v).
-11
Let b(o) = 26*o**2 + 10*o + 11. Let a(x) = 98*x**2 + 41*x + 44. Let y(t) = -4*a(t) + 15*b(t). Calculate y(-6).
1
Let l(f) be the third derivative of 0*f**3 - 51*f**2 + 0 - 1/12*f**4 + 13/60*f**5 + 0*f. What is l(1)?
11
Let a = 6786 - 6788. Let p(c) be the second derivative of c**2 - 2*c - 1/6*c**3 + 0. Determine p(a).
4
Let k(d) = -5*d**3 - 11*d**2 - 6*d + 41. Let t(s) = -4*s**3 - 10*s**2 - 5*s + 38. Let l(f) = -3*k(f) + 4*t(f). Determine l(-6).
5
Let i = 195 - 184. Let g(t) be the first derivative of -t**3/3 + 9*t**2/2 + 14*t + 14. Calculate g(i).
-8
Let v(w) = -13*w - 2. Let i(p) = 38*p + 6. Let k(n) = 3*i(n) + 8*v(n). Suppose 26*q - r = 27*q - 1, -4*r = q + 2. Give k(q).
22
Let f(o) = o**3 + 21*o**2 - o - 13. Let x be f(-21). Suppose 4*i - 16 = x*i. Let h(d) = d**2 - d + 3 + 7*d + 2. What is h(i)?
-3
Suppose 0 = -j - k + 14, 5*k + 140 = -6*j + 22*j. Let g(u) = -3*u**3 + 31*u**2 - 2*u - 82. What is g(j)?
-2
Let d = -82 + 74. Let s(b) = b**2 + 9*b + 7. Let u be s(d). Let o = u - 4. Let k(w) = -w**3 - 6*w**2 - 3*w. Give k(o).
-10
Let d(u) = 6*u + 7*u**2 + 4 - 4*u**2 - 2*u**2. Let b = 179 + -401. Let t = 216 + b. Give d(t).
4
Let y(v) = 4*v + 4. Let k be 0 - 1/(-1) - (17 - 18). Suppose 0 - 10 = k*t. Give y(t).
-16
Let w(a) = -a + 21. Suppose 0 = -56*m + 38*m + 774. Let g = m - 43. Give w(g).
21
Let i(j) = j**2 + 37*j - 164. Let z be i(-41). Suppose p + 38 - 46 = z. Let m(u) = u**2 - 11*u + 8. Calculate m(p).
-16
Let i(z) = -32*z + 4155. Let s be i(130). Let p(c) = -1 + 2*c + 2 + 7*c - 4*c. Determine p(s).
-24
Let k(x) = 12*x - 8. Let p(r) = -r**2 + 103*r - 2519. Let s be p(63). What is k(s)?
4
Let c(n) = 8*n**3 - 28 - 10*n + 94*n - 9*n**3 + 23*n**2 - 6*n. Give c(26).
-28
Let f(o) = o**2 - 5. Suppose 11*d - 40 = d. Suppose -s - 502 = -5*n + 2*s, -d*n + 2*s = -402. Let y = 96 - n. Determine f(y).
20
Let l(q) = 9 - q + q**3 - 6*q**3 - q + 4*q**3 + 8*q**2. Suppose s - j + 1 - 9 = 0, -4*s + 3*j + 37 = 0. Let c = 21 - s. What is l(c)?
-7
Let u be (-912)/(-80) - 6/15. Let d(n) = 11*n**2 + 20 - 25*n**2 + 4*n**2 + n + u*n**2. Determine d(0).
20
Let d(z) = -5*z + 47. Suppose -31*p - 59 = -5*n - 29*p, 5*p = -4*n + 34. What is d(n)?
-8
Suppose -340 = -p - 4*p. Let v = p + -52. Let q(g) = 15*g - v*g + 2 - 9. What is q(0)?
-7
Let i(z) = 660*z - 130. Let v(s) = 188*s - 43. Let h(u) = 2*i(u) - 7*v(u). Give h(-12).
-7
Let t(i) be the third derivative of -i**5/60 + i**4/8 + 7*i**3/6 - 4*i**2 - 37*i. Determine t(-5).
-33
Let u(f) be the third derivative of f**6/120 + 3*f**5/10 - f**4/24 - 29*f**3/6 + 2*f**2 + 2714. What is u(-18)?
-11
Suppose 7*g - 72 = -g. Let t(f) be the third derivative of 0*f - 1/120*f**6 + 1/2*f**3 - 5/12*f**4 - 3*f**2 + 1/6*f**5 + 0. Determine t(g).
-6
Suppose -401 = 151*o + 354. Let g(c) = 6*c + 44. Determine g(o).
14
Let k(u) = -2*u**3 - 45*u**2 + 26*u + 56. Let b(p) = -3*p**3 - 76*p**2 - 14*p + 252. Let f be b(-25). Calculate k(f).
-13
Let b(z) = z**3 - 5*z**2 - 8*z + 11. Suppose 0 = -s - 4*a + 21, 0 = -s - 2*a + 4*a + 3. Suppose -s = -4*q + 15. Calculate b(q).
-1
Let b(f) = 12*f**2 + f + 1. Let r(d) = 310*d + 2*d**2 - 105*d + 14 - 108*d - 110*d. Let m be (-22)/(-5) + (-12)/(-20). Let a be r(m). Determine b(a).
12
Let l = -3 + -5. Let b(y) = -41*y - 53. Let q(n) = 20*n + 28. Let s(g) = b(g) + 2*q(g). What is s(l)?
11
Let w(j) = -j**2 - 3*j + 1. Let b(i) = -108*i + 319. Let r be b(3). Give w(r).
-9
Let n(r) be the third derivative of -2*r**4/3 + 5*r**3/6 - 386*r**2 + 1. What is n(-3)?
53
Let w(s) be the second derivative of 0 - 44*s + 3*s**2 + 2/3*s**3. Suppose 4*v = -4*b + 4, 2*v - v - 13 = 2*b. Give w(b).
-10
Suppose 4*x + 8 - 2 = v, 0 = 2*v - x - 5. Let g = -80 - -82. Let b(q) = 5*q**2 - 1 + 0*q + q + 0 - 11*q**g. Give b(v).
-23
Let m(i) be the third derivative of 0 + 1/60*i**5 + 0*i**4 + 5*i**2 + 1/2*i**3 + 1/120*i**6 + i. Give m(0).
3
Let b(q) = q**3 - 6*q**2 - 4*q + 5. Suppose 7*m - 4*f + 907 = 10*m, m - 3*f = 324. Suppose -313*x = -m*x - 24. Determine b(x).
-19
Suppose 5*d + v + 4*v - 30 = 0, 20 = 5*v. Let f(k) be the second derivative of 0 + 17*k - 1/12*k**4 - 1/20*k**5 - 1/6*k**3 - 5*k**d. Determine f(0).
-10
Let w(z) = z**3 - z**2 + z - 32. Let u(c) = -c**2 - 26*c + 27. Let g be (-28)/70 - (-399)/(-15). Let j be u(g). What is w(j)?
-32
Let g(c) = 5*c - 57 + 4*c - c + 47. Calculate g(7).
46
Let p(a) = -a**3 - 17*a**2 - 15*a + 14. Let l = -3617 - -3601. Determine p(l).
-2
Let z(x) = x**2 - 11*x + 8. Let f = 270 + -201. Suppose 344 = 25*j + f. What is z(j)?
8
Suppose 49*r + 20 = 53*r. Let b(m) = -1 + 42*m**2 - r*m**2 - 17*m**2 - 13*m**2. Suppose 4*l + 4 = -0*l. Determine b(l).
6
Let o(l) = -2*l**2 - 3*l + 1. Let p = -66 + 66. Suppose i - 2*y - 3 = p, 2*i - 7 - 8 = -5*y. Let x be ((-68)/12 + i)*1*-3. Give o(x).
-13
Let a(m) = 36 - 57*m**2 + 49*m**2 + 7*m**2 + 16*m. What is a(18)?
0
Let j(i) = 6497*i**2 + 2*i + i**3 - 64 - 13068*i**2 + 6538*i**2. Determine j(33).
2
Let t(y) be the second derivative of 7*y**3/6 + 51*y**2/2 - 4*y - 153. Give t(-7).
2
Let o(j) be the second derivative of -j**3 + 11*j**2 - 3*j - 3. Let h(p) = 2*p - 7. Let m(g) = 16*h(g) + 5*o(g). Give m(7).
12
Suppose -5*t + 3*i = 27, 12*i = 14*i + 12. Let q(g) = g**2 + 13*g + 35. What is q(t)?
-1
Let t(r) = r**3 - 5*r. Let s be t(-2). Let a(l) = -22*l - 6*l**2 + 16*l + 5*l**2 + s. Let c = 6 - 11. Give a(c).
7
Let n(c) = -c**3 + 3*c**2 - 4*c + 3. Let t(q) be the first derivative of -q**4/4 - 23*q**3/3 - q**2 - 42*q - 24. Let u be t(-23). Calculate n(u).
-29
Let d(t) = -t**3 - 13*t**2 - 11*t - 28. Suppose 894*b - 662*b + 2784 = 0. Determine d(b).
-40
Let z(x) = -x**3 + 9*x**2 - 5*x + 4. Let m(k) = k**3 + 10*k**2 + 6*k - 19. Let t be m(-9). What is z(t)?
28
Let s(t) = -t**2 + 54*t + 365. Let g(z) = 304*z - 2372. Let d be g(8). Determine s(d).
5
Let d = -52 + 64. Suppose -119 = 5*m - d*m. Let f(h) = -10*h + 3 - 4*h + m*h + 3. What is f(-4)?
-6
Let j(g) = -1. Let b(v) = 2*v + 2. Let n(o) = -b(o) - 3*j(o). Let c = -30 - -15. Let r = 16 + c. What is n(r)?
-1
Let a(z) = -z**3 - 7*z**2 + 7*z - 4. Let j(l) = 3*l**2 - 16*l + 10. Let o be j(8). Let r = o + -50. Suppose -2*x + r = -5*x. Give a(x).
4
Let f(j) = -2 - 6 - 4*j + 3*j + 9. Let a = -3 + 5. What is f(a)?
-1
Let w = 117 + -85. Let a(q) be the first derivative of -2*q - q**2 + 12*q**3 - 23*q**3 + w + 12*q**3. Give a(-1).
3
Let n = 86 - 90. Let g be (3 + 1)/((-2)/n). Let p(q) = q**3 - 9*q**2 + 8*q + 7. What is p(g)?
7
Let p(l) be the second derivative of -l**3/3 + l**2/2 - 2*l. Suppose 3*z + 200 + 127 = 0. Let u = -106 - z. Give p(u).
-5
Let o(x) = 293*x - 5 - 120*x + 59*x**2 - 179*x. Calculate o(-1).
60
Suppose -w + 28 = 4*o, 3 = 2*o + 2*w - 5. Let c be (-2)/(-1) - ((o - 5) + -2). Let p(g) = 27*g**2 - 2*g + 1. Calculate p(c).
26
Let s(w) = 3*w**3 + 7*w**2 + 26*w - 55. Let i(d) = d**3 + 4*d**2 + 